 21/f + 34/4?
2, 5
Suppose 5*j = -4*l + 27, -1 - 8 = -3*l. Suppose 17 = i - j. List the prime factors of i.
2, 5
Let v(n) be the first derivative of 2*n**3/3 - 5*n**2/2 - 2. List the prime factors of v(4).
2, 3
Let h = -16 - -53. What are the prime factors of h/7 + (-10)/35?
5
Suppose 4*g - 11 - 69 = 0. What are the prime factors of (-7 - -4) + g + 2?
19
What are the prime factors of -1*(2 - -155)*(-26)/13?
2, 157
Let m(q) = -3*q + 9. Let i be m(6). Let a(p) = -p**2 - 10*p + 4. Let v be a(i). Let o = v - 3. List the prime factors of o.
2, 5
List the prime factors of (-1 - 6/(-4))*206.
103
Suppose 4*n = 210 + 670. Suppose 5*o = -5*v + n, 3*o + 0*o + 60 = v. What are the prime factors of v?
2, 3
Suppose -4*h = -6*h - 4*s + 752, s = 4*h - 1549. List the prime factors of h.
2, 193
What are the prime factors of 430/15*(0 - (1 + -4))?
2, 43
Suppose m = -2*m + 657. What are the prime factors of m?
3, 73
Suppose 2*l = -3*y + 27 + 10, -3 = -y. What are the prime factors of l?
2, 7
Suppose -4*p - 20 = 3*a, -2*p - 8 + 4 = 3*a. Let c(u) = -4*u - 4. Let o(v) = -9*v - 7. Let h(f) = 5*c(f) - 2*o(f). What are the prime factors of h(p)?
2, 5
Suppose 0 = -7*r + 3*r + 20. Suppose -p + 35 = 4*s, 0*s - r*p + 5 = 3*s. List the prime factors of s.
2, 5
Let y = -1 - -5. Suppose -j + 10 = j, 2*x + y = 4*j. List the prime factors of x.
2
Let r be 3/((-9)/6) - 2. Let b be (r/6)/((-2)/3). What are the prime factors of ((b - 0)*-6)/(-2)?
3
Suppose m - 5 = -4*m. What are the prime factors of 1 + 16 - (-1 + m)?
17
Suppose 3*h = -4*c + 412, 303 = 7*h - 5*h - 3*c. List the prime factors of h.
2, 3
Let a(o) = -9*o + 19*o - 5 - 9*o. Let u = 20 + -12. What are the prime factors of a(u)?
3
Let o(a) = 2*a**2 - 3*a + a**3 - 3 + a - 2*a. List the prime factors of o(-2).
5
Suppose 9 + 21 = i. List the prime factors of i.
2, 3, 5
Let p be 11/(-6) + (-3)/18. List the prime factors of -1*(p - -29)*-1.
3
Suppose 11 + 4 = 5*f. Suppose -f*m - 2 = -14. Suppose -n + m = n. What are the prime factors of n?
2
Suppose -3*u - 40 = -4*u. List the prime factors of u.
2, 5
Let l be -1 + (-2)/(-2) + -94. Let n be l/14 - (-10)/(-35). Let x = n + 17. List the prime factors of x.
2, 5
Suppose -5*r = 3*q + 42 + 63, r + 38 = -4*q. Let a = r - 0. List the prime factors of (-153)/a + 2/4.
3
Let x(q) = 6*q**2 - 8*q + 2. Let v(t) = -4*t**2 + 5*t - 1. Let l(s) = -8*v(s) - 5*x(s). List the prime factors of l(-2).
2, 3
Let y be 7/3 - 5/15. Let a be (-3*(-10)/3)/y. Suppose -2*j - 2*k + 4 = 3*j, 5*j = -5*k - a. What are the prime factors of j?
2
Let n(k) = -k - 7. Let l be n(-5). Let c = l - -19. What are the prime factors of c?
17
Suppose -4*y = -4*x, -2*x + 1 = -3. What are the prime factors of 1 + -1*y - -3?
2
Suppose 3*l + 4*m = 2*l + 4, 0 = 5*l - 4*m + 28. Let f = 6 + l. List the prime factors of ((-26)/(-4) + 0)*f.
13
Suppose -4*d + r - 8 = 5, 2*d = -2*r + 6. Let f(c) = 10*c**3 + c**2 + c + 1. Let q be f(-1). What are the prime factors of (-2 - q/(-2))*d?
13
What are the prime factors of 4/(-3) + (-6)/(-18) + 185?
2, 23
Let a(p) = -2*p - 4. Let j(y) = -y - 1. Let g(i) = 2*a(i) - 6*j(i). What are the prime factors of g(5)?
2
Suppose 2*j - j - 26 = 0. What are the prime factors of 6/(-2)*-1 + j?
29
Let x(v) = 2*v**3 + v**2 - 2*v + 3. Let r be x(3). Suppose 0 = -5*s + p + r, -p + 0*p = 4*s - 48. List the prime factors of s.
2, 3
What are the prime factors of (-3 - 3/(-2))*-24?
2, 3
Let s be (-170)/(-45) + (-4)/(-18). Let c(a) = a + 1. List the prime factors of c(s).
5
Let h(a) = a + 6. Let g be h(-3). Suppose -4*x + g*b = -x + 6, x + 4*b = 8. Suppose -5*p - 3*r = -10, x*p + p = -r. List the prime factors of p.
5
Suppose 5*i + 5 = 0, 0 = 2*p + 4*i + 10 + 42. What are the prime factors of p/(-2) - 0/7?
2, 3
Suppose 4*s - 32 = -w, -3*s + 6*w = 4*w - 13. Let d = 11 - s. Suppose -3*m - 1 + 23 = 5*y, -2*m = -d*y. What are the prime factors of y?
2
Suppose 12*h - 37 = 11*h. Suppose -2*w + 21 = -0*w + 3*x, 4*w + x = h. What are the prime factors of w?
3
List the prime factors of 30/80 + 3466/16.
7, 31
Suppose -p - 7 = -3. Let g = 6 + p. List the prime factors of g.
2
Let t(o) = o**2 + 2*o - 2. Let d be t(2). Let z be 83/(-3) - 2/d. Let j = -18 - z. What are the prime factors of j?
2, 5
Suppose -5*l - 3*d = -0*d - 120, -l - 2*d = -31. Let r = l + -7. What are the prime factors of r?
2, 7
Let f be -1 - 0 - (-4 + 1). Let y be (3 - 11)/(0 - 1). Suppose -y = -2*v, f*v + 1 = 3*i - 0*v. What are the prime factors of i?
3
Let d = 3 - -9. List the prime factors of d.
2, 3
Suppose -2*l = -21 + 5. What are the prime factors of l?
2
Let o(f) = 5*f**2 + 4*f + 8. List the prime factors of o(-5).
113
Let k = 48 + -29. List the prime factors of k.
19
Let g be 16/12*(-6)/(-4). Let s be (80/4)/(0 + g). Let x = s + 4. What are the prime factors of x?
2, 7
Let l(a) = a + 13. Suppose 5*h + 13 = -d - 21, 0 = -h - 5*d - 26. Let s be 9*3/h*2. List the prime factors of l(s).
2
Let i = 45 - -45. What are the prime factors of i?
2, 3, 5
Let i(x) be the second derivative of -x**4/12 + 7*x**3/6 - 5*x**2/2 + 2*x. What are the prime factors of i(4)?
7
Let j(l) = 3*l**2 + 7*l - 1. What are the prime factors of j(-8)?
3, 5
Let w(t) = t**2 + t - 3. Let a be w(-3). Suppose -35 = -a*n - 2. Let f = -3 + n. What are the prime factors of f?
2
Let m be (-3)/(-2)*(-2)/3. List the prime factors of (-3)/(75/(-66) - m).
2, 11
Suppose -2*o + 3*n + 97 = 8, 5*o - n - 255 = 0. What are the prime factors of o?
2, 13
Suppose -5*t = u - 10 - 10, -20 = -5*t + u. Suppose 8*q = 4*q - 2*z + 18, t*q + 3*z = 17. What are the prime factors of q?
5
Let m = 91 - 62. What are the prime factors of m?
29
Let a be -15*1/((-6)/22). Let z = -31 + a. Suppose 2*o + p + 3 = 6, -3*o + z = -5*p. List the prime factors of o.
3
Let b = -4 - 10. Let l = 4 + b. List the prime factors of l/3*60/(-25).
2
Let g = 0 + -4. Let j = 15 + g. What are the prime factors of j?
11
Let l = 43 + -15. What are the prime factors of l?
2, 7
Suppose -3*k + 440 = -19. Suppose -5*q + 245 = -5*s, q - k = -2*q + s. What are the prime factors of q?
2, 13
List the prime factors of (-1)/(0 + 1/(-49)).
7
Let b = -172 + 328. List the prime factors of b.
2, 3, 13
Let l(a) = -3*a**3 + a**2 + a + 1. Suppose -d = -2*d - 5*i - 26, -2*d + 5*i = -23. Let z be l(d). Suppose -u = z*u - 30. List the prime factors of u.
2, 3
Let o be 42/(-9)*(0 - -3). Let y be 19 + 0 + 2 - -1. Let l = y + o. List the prime factors of l.
2
Let g(t) = -t**3 + 3*t**2 - 2*t - 1. Let s be g(2). What are the prime factors of 3 + s - (-3 + -14)?
19
Suppose -7*j = -3*j - 16. List the prime factors of j.
2
Suppose 0 = -0*w + 2*w - 112. List the prime factors of w.
2, 7
Let r = 22 - 13. Let y = 3 - r. Let j(z) = z + 8. List the prime factors of j(y).
2
Suppose 5 = 4*l + 3*f, 3*f + 7 = -l + 3*l. List the prime factors of 2 + 0 + (l - -1).
5
Suppose 4*d - 10*d = -162. List the prime factors of d.
3
What are the prime factors of 1*3 - (-46 + 6)?
43
Let y(m) = -m + 2. Let t be y(5). Let j be 1/t - (-28)/12. Suppose g + j = w - 2, -2 = 3*w + 4*g. What are the prime factors of w?
2
Let d(k) = 2*k - 12. Let h(y) be the first derivative of 9*y**4/4 - y**3/3 + y**2 - y + 3. Let l be h(1). List the prime factors of d(l).
2, 3
Let k = -12 + 20. Suppose d - k + 3 = 0. Suppose -5*t + 4*h = -48, -5*t + 38 = d*h - 37. List the prime factors of t.
2, 3
Suppose 2*u - 2 = c, 3*c + u = -2*u - 33. Suppose -3*v + 28 = 4*h, 4*v - 8 = -5*h + 31. Let z = c + v. What are the prime factors of z?
2
Let s = 121 + -61. Suppose 5*z + 3*d - s = 0, 5*d + 36 = 2*z + z. What are the prime factors of z?
2, 3
Let s(w) = -16*w - 3. List the prime factors of s(-2).
29
Let d = 0 + 9. Let z be (-6)/d + (-58)/(-6). Suppose z = 2*f + f. List the prime factors of f.
3
Suppose 0 = 9*u - 12*u + 435. What are the prime factors of u?
5, 29
Suppose 0 = 5*x + 2*f - 2036 - 35, -x + 405 = 5*f. List the prime factors of x.
5, 83
Let u(y) = 12*y - 7. Let r be u(7). Let b = r - 45. List the prime factors of b.
2
Suppose -i - 10 = 9. Let x be -5 - 3/(-1)*-1. Let l = x - i. List the prime factors of l.
11
List the prime factors of (-4 + 26 - -4)*1.
2, 13
Let l = 29 + -9. Suppose -2*c - 17 = 5*k, 0*c + 1 = 4*c + 3*k. Suppose -2*f - 2*f + l = -3*v, c*f + 2*v = 0. List the prime factors of f.
2
Suppose 0 = -